{"id":11,"date":"2014-06-12T08:24:02","date_gmt":"2014-06-12T08:24:02","guid":{"rendered":"http:\/\/www.wbv-langenwang.at\/neu\/?page_id=11"},"modified":"2026-03-13T14:14:30","modified_gmt":"2026-03-13T14:14:30","slug":"schaden-was-tun","status":"publish","type":"page","link":"https:\/\/www.wbv-langenwang.at\/?page_id=11","title":{"rendered":"Schaden &#8211; was tun?"},"content":{"rendered":"<p><span style=\"color: #000000;\"><strong>Betrifft Sie ein<\/strong><\/span> <span style=\"color: #ff0000;\"><strong>Brand- oder Blitzschaden<\/strong><\/span><span style=\"color: #000000;\">, <strong>verst\u00e4ndigen Sie umgehend<\/strong><\/span> <span style=\"color: #ff0000;\"><strong>(l\u00e4ngstens innerhalb von 3 Tagen)<\/strong><\/span> <strong><span style=\"color: #000000;\">Ihre<\/span> <span style=\"text-decoration: underline; color: #008000;\"><a style=\"color: #008000; text-decoration: underline;\" href=\"https:\/\/www.wbv-langenwang.at\/?page_id=56\">Vertrauensperson\u00a0<\/a><\/span><\/strong>.<\/p>\n<p><span style=\"color: #000000;\">Diese nimmt vor Ort mithilfe eines Schadensformulares den Vorfall und sein Ausma\u00df auf und leitet die Daten an den Vorstand weiter.<br \/>\n<\/span><span style=\"color: #000000;\">Dieser bespricht den Leistungsmodus und veranlasst die \u00dcberweisung f\u00fcr die zu reparierenden oder neu zu beschaffenden Sachwerte.<\/span><\/p>\n<p><span style=\"color: #000000;\">Handelt es sich um einen Brandfall, kommt nach Ihrer Meldung an die zust\u00e4ndige Vertrauensperson so schnell wie m\u00f6glich eine <\/span><span style=\"color: #000000;\"><strong>Brandkommission<\/strong><br \/>\nzusammen (Mitglied, Vertrauensperson, Vorstandsvertretung und ev. ein Sachverst\u00e4ndiger), welche ein Brand<\/span><span style=\"color: #000000;\">protokoll erstellt (Brandentstehung, Brandbek\u00e4mpfung, Meldung an die Polizei bzw. an das zust\u00e4ndige Gericht).<\/span><br \/>\n<span style=\"color: #000000;\"> Ein Schadensbetrag wird ermittelt und auf Ihr angegebenes Bankkonto \u00fcberwiesen. <\/span><span style=\"color: #000000;\">(Verg\u00fctung h\u00f6chstens in H\u00f6he der Versicherungssumme)<\/span><\/p>\n<h3 style=\"font-weight: bold; color: #666666;\"><span style=\"color: #008000;\">Ein Beispiel<\/span><\/h3>\n<p style=\"color: #444444;\"><span style=\"color: #000000;\">Nehmen wir an, Sie sind im Bezirk Bruck\/Mur in der Gemeinde St. Sebastian beheimatet.<\/span><br \/>\n<span style=\"color: #000000;\"> Ihre Vertrauensperson ist derzeit Herr Josef Sommerauer.<\/span><br \/>\n<span style=\"color: #000000;\"> Seinen Sprengel haben wir mit Mariazell benannt.<br \/>\n<\/span><br \/>\n<span style=\"color: #000000;\"> Durch einen z\u00fcndenden Blitzschlag fing eine Holzh\u00fctte, die Sie mit 2 Klassen bei uns versichert haben, Feuer und brannte bis auf die Grundmauern nieder.<\/span><br \/>\n<span style=\"color: #000000;\"> (Derzeit &#8211; seit 12.03.2026 &#8211; betr\u00e4gt der Wert einer Klasse <strong>\u20ac 13.200,&#8211;<\/strong>.<br \/>\n<\/span><span style=\"color: #000000;\">Der Wert der Klassen wird allj\u00e4hrlich von der Generalversammlung &#8211; allen anwesenden Mitgliedern &#8211; unter Ber\u00fccksichtigung der Inflation, festgelegt.)<\/span><br \/>\n<span style=\"color: #000000;\"> Im obigen Brandfall sei gesagt, dass es sich um einen <strong>Totalschaden<\/strong> handelt.<br \/>\nEs steht Ihnen als <strong>Schadenersatz<\/strong> eine Summe von <strong>\u20ac 26.400,&#8211;<\/strong> zur Verf\u00fcgung.<br \/>\nWenn Sie die Holzh\u00fctte oder auch ein anderes Geb\u00e4ude wieder errichten, erhalten Sie den Betrag, wie bei der Brandkommission festgelegt, ausbezahlt.<br \/>\nErkl\u00e4ren Sie aber, <strong>kein Geb\u00e4ude mehr<\/strong> zu errichten, dann erhalten Sie lt. <strong>Gesch\u00e4ftsordnung<\/strong> \u00a7 2.3 nur die <strong>H\u00e4lfte<\/strong>, also \u20ac 13.200,&#8211;.<br \/>\n<\/span><span style=\"color: #000000;\">Der Ort f\u00fcr den Neubau kann auch au\u00dferhalb der angef\u00fchrten drei Bezirke liegen.<\/span><\/p>\n<p><span style=\"color: #000000;\">Sollte <strong>Ihr Sprengel<\/strong> mit einer Brandkassierung belastet sein, sind Sie als durch den Brand Betroffener <strong>von der Brandumlage befreit<\/strong>.<\/span><br \/>\n<span style=\"color: #000000;\">Die Vereinst\u00e4tigkeit erstreckt sich \u00fcber <strong>drei steirische Bezirke mit insgesamt 51 Sprengeln<\/strong>.<\/span><br \/>\n<em><span style=\"color: #000000;\"> Im Durchschnitt kommt es alle drei bis vier Jahre zu einer Brandkassierung.<\/span><\/em><br \/>\n<span style=\"color: #000000;\"> Je nach Schadenh\u00f6hen werden die Sprengel von 1 bis 51 reihum zur Leistung der Brandumlage herangezogen.<br \/>\n<\/span><em><span style=\"color: #000000;\">Kassiert wird, wenn der Reservetopf sich dem Ende zuneigt.<\/span><\/em><\/p>\n<p><span style=\"color: #000000;\"><em><strong>Erw\u00e4hnenswert ist auch:<\/strong><\/em><\/span><br \/>\n<strong><span style=\"color: #ff0000;\">Blitz- und Brandschutz ist in unser aller Interesse.<\/span><\/strong><br \/>\n<strong><span style=\"color: #ff0000;\"> Je weniger Sch\u00e4den, umso l\u00e4ngere Intervalle unserer Brandumlagekassierung.<\/span><\/strong><\/p>\n","protected":false},"excerpt":{"rendered":"<p class=\"lead\">Betrifft Sie ein Brand- oder Blitzschaden, verst\u00e4ndigen Sie umgehend (l\u00e4ngstens innerhalb von 3 Tagen) Ihre Vertrauensperson\u00a0. Diese nimmt vor Ort mithilfe eines Schadensformulares den Vorfall und sein Ausma\u00df auf und leitet die Daten an den Vorstand weiter. Dieser bespricht den Leistungsmodus und veranlasst die \u00dcberweisung f\u00fcr die zu reparierenden oder neu zu beschaffenden Sachwerte. Handelt es sich um einen Brandfall,&hellip;<\/p>\n<p class=\"more-link-p\"><a class=\"btn btn-danger\" href=\"https:\/\/www.wbv-langenwang.at\/?page_id=11\">Read more &rarr;<\/a><\/p>\n","protected":false},"author":1,"featured_media":0,"parent":0,"menu_order":19,"comment_status":"closed","ping_status":"closed","template":"","meta":{"footnotes":""},"class_list":["post-11","page","type-page","status-publish","hentry"],"_links":{"self":[{"href":"https:\/\/www.wbv-langenwang.at\/index.php?rest_route=\/wp\/v2\/pages\/11","targetHints":{"allow":["GET"]}}],"collection":[{"href":"https:\/\/www.wbv-langenwang.at\/index.php?rest_route=\/wp\/v2\/pages"}],"about":[{"href":"https:\/\/www.wbv-langenwang.at\/index.php?rest_route=\/wp\/v2\/types\/page"}],"author":[{"embeddable":true,"href":"https:\/\/www.wbv-langenwang.at\/index.php?rest_route=\/wp\/v2\/users\/1"}],"replies":[{"embeddable":true,"href":"https:\/\/www.wbv-langenwang.at\/index.php?rest_route=%2Fwp%2Fv2%2Fcomments&post=11"}],"version-history":[{"count":67,"href":"https:\/\/www.wbv-langenwang.at\/index.php?rest_route=\/wp\/v2\/pages\/11\/revisions"}],"predecessor-version":[{"id":2759,"href":"https:\/\/www.wbv-langenwang.at\/index.php?rest_route=\/wp\/v2\/pages\/11\/revisions\/2759"}],"wp:attachment":[{"href":"https:\/\/www.wbv-langenwang.at\/index.php?rest_route=%2Fwp%2Fv2%2Fmedia&parent=11"}],"curies":[{"name":"wp","href":"https:\/\/api.w.org\/{rel}","templated":true}]}}