{"id":17,"date":"2014-06-12T08:24:27","date_gmt":"2014-06-12T08:24:27","guid":{"rendered":"http:\/\/www.wbv-langenwang.at\/neu\/?page_id=17"},"modified":"2020-03-18T17:37:33","modified_gmt":"2020-03-18T17:37:33","slug":"wie-werd-ich-mitglied","status":"publish","type":"page","link":"https:\/\/www.wbv-langenwang.at\/?page_id=17","title":{"rendered":"Wie werde ich Mitglied?"},"content":{"rendered":"<p><strong><span style=\"color: #008000;\">Wer seine Sachwerte<\/span> <\/strong><span style=\"color: #000000;\"><em>(Wohngeb\u00e4ude mit Inventar, Wirtschaftsgeb\u00e4ude mit spezieller Einrichtung, Maschinen, Ger\u00e4te, Vorr\u00e4te, PV-Anlagen, etc.)<\/em><\/span><br \/>\n<strong><span style=\"color: #008000;\">oder aber auch seinen Viehbestand bei unserem Versicherungsverein gesch\u00fctzt haben will, wendet sich einfach an die zust\u00e4ndige<br \/>\nVertrauensperson <\/span><\/strong><strong><span style=\"color: #008000;\">in jenem Sprengel<\/span><\/strong> <span style=\"color: #000000;\"><em>(Gebiet),<\/em><\/span> <strong><span style=\"color: #008000;\">in dem der eigene Wohnsitz bzw. das zu versichernde Objekt liegt.<br \/>\n<\/span><\/strong><br \/>\n<strong><span style=\"color: #ff0000;\">Ihre Vertrauensperson k\u00fcmmert sich um jegliche Belange, sei es nun Beitritt, Klassen- oder Daten\u00e4nderung, Schadensmeldungen, etc.<\/span><\/strong><\/p>\n<a href=\"https:\/\/www.wbv-langenwang.at\/?page_id=56\" class=\"su-button su-button-style-default\" style=\"color:#FFFFFF;background-color:#bec3c8;border-color:#989ca0;border-radius:7px\" target=\"_self\"><span style=\"color:#FFFFFF;padding:0px 20px;font-size:16px;line-height:32px;border-color:#d2d5d9;border-radius:7px;text-shadow:none\"> Vertrauenspersonen suchen <\/span><\/a>\n","protected":false},"excerpt":{"rendered":"<p class=\"lead\">Wer seine Sachwerte (Wohngeb\u00e4ude mit Inventar, Wirtschaftsgeb\u00e4ude mit spezieller Einrichtung, Maschinen, Ger\u00e4te, Vorr\u00e4te, PV-Anlagen, etc.) oder aber auch seinen Viehbestand bei unserem Versicherungsverein gesch\u00fctzt haben will, wendet sich einfach an die zust\u00e4ndige Vertrauensperson in jenem Sprengel (Gebiet), in dem der eigene Wohnsitz bzw. das zu versichernde Objekt liegt. Ihre Vertrauensperson k\u00fcmmert sich um jegliche Belange, sei es nun Beitritt, Klassen-&hellip;<\/p>\n<p class=\"more-link-p\"><a class=\"btn btn-danger\" href=\"https:\/\/www.wbv-langenwang.at\/?page_id=17\">Read more &rarr;<\/a><\/p>\n","protected":false},"author":1,"featured_media":0,"parent":0,"menu_order":17,"comment_status":"closed","ping_status":"closed","template":"","meta":{"footnotes":""},"class_list":["post-17","page","type-page","status-publish","hentry"],"_links":{"self":[{"href":"https:\/\/www.wbv-langenwang.at\/index.php?rest_route=\/wp\/v2\/pages\/17","targetHints":{"allow":["GET"]}}],"collection":[{"href":"https:\/\/www.wbv-langenwang.at\/index.php?rest_route=\/wp\/v2\/pages"}],"about":[{"href":"https:\/\/www.wbv-langenwang.at\/index.php?rest_route=\/wp\/v2\/types\/page"}],"author":[{"embeddable":true,"href":"https:\/\/www.wbv-langenwang.at\/index.php?rest_route=\/wp\/v2\/users\/1"}],"replies":[{"embeddable":true,"href":"https:\/\/www.wbv-langenwang.at\/index.php?rest_route=%2Fwp%2Fv2%2Fcomments&post=17"}],"version-history":[{"count":24,"href":"https:\/\/www.wbv-langenwang.at\/index.php?rest_route=\/wp\/v2\/pages\/17\/revisions"}],"predecessor-version":[{"id":2280,"href":"https:\/\/www.wbv-langenwang.at\/index.php?rest_route=\/wp\/v2\/pages\/17\/revisions\/2280"}],"wp:attachment":[{"href":"https:\/\/www.wbv-langenwang.at\/index.php?rest_route=%2Fwp%2Fv2%2Fmedia&parent=17"}],"curies":[{"name":"wp","href":"https:\/\/api.w.org\/{rel}","templated":true}]}}